 of 18632.
2, 17, 137
What are the prime factors of 10404?
2, 3, 17
What are the prime factors of 33992?
2, 7, 607
List the prime factors of 1446.
2, 3, 241
List the prime factors of 6210.
2, 3, 5, 23
What are the prime factors of 6840?
2, 3, 5, 19
List the prime factors of 2210.
2, 5, 13, 17
What are the prime factors of 6092?
2, 1523
List the prime factors of 69082.
2, 13, 2657
List the prime factors of 13463.
13463
What are the prime factors of 1739?
37, 47
What are the prime factors of 25807?
131, 197
What are the prime factors of 158?
2, 79
List the prime factors of 855.
3, 5, 19
List the prime factors of 3206.
2, 7, 229
What are the prime factors of 2541?
3, 7, 11
What are the prime factors of 5170?
2, 5, 11, 47
What are the prime factors of 16380?
2, 3, 5, 7, 13
List the prime factors of 5088.
2, 3, 53
What are the prime factors of 9369?
3, 347
List the prime factors of 117935.
5, 103, 229
List the prime factors of 4947.
3, 17, 97
List the prime factors of 63226.
2, 101, 313
List the prime factors of 2738.
2, 37
List the prime factors of 1471.
1471
What are the prime factors of 2554?
2, 1277
What are the prime factors of 12260?
2, 5, 613
What are the prime factors of 11850?
2, 3, 5, 79
What are the prime factors of 23470?
2, 5, 2347
What are the prime factors of 1409?
1409
What are the prime factors of 76?
2, 19
What are the prime factors of 21988?
2, 23, 239
List the prime factors of 15443.
15443
List the prime factors of 1257.
3, 419
List the prime factors of 6653.
6653
List the prime factors of 4111.
4111
What are the prime factors of 804?
2, 3, 67
What are the prime factors of 4475?
5, 179
What are the prime factors of 556?
2, 139
What are the prime factors of 961?
31
List the prime factors of 27406.
2, 71, 193
What are the prime factors of 582?
2, 3, 97
List the prime factors of 221.
13, 17
What are the prime factors of 56586?
2, 3, 9431
What are the prime factors of 43809?
3, 17, 859
What are the prime factors of 48220?
2, 5, 2411
What are the prime factors of 38855?
5, 19, 409
What are the prime factors of 47472?
2, 3, 23, 43
What are the prime factors of 1557?
3, 173
List the prime factors of 3173.
19, 167
What are the prime factors of 81756?
2, 3, 757
What are the prime factors of 3270?
2, 3, 5, 109
What are the prime factors of 21572?
2, 5393
What are the prime factors of 740?
2, 5, 37
List the prime factors of 9358.
2, 4679
List the prime factors of 6087.
3, 2029
What are the prime factors of 25819?
25819
List the prime factors of 3372.
2, 3, 281
List the prime factors of 367.
367
What are the prime factors of 2998?
2, 1499
What are the prime factors of 17172?
2, 3, 53
What are the prime factors of 705?
3, 5, 47
List the prime factors of 991.
991
What are the prime factors of 15008?
2, 7, 67
What are the prime factors of 22700?
2, 5, 227
List the prime factors of 1591.
37, 43
List the prime factors of 20563.
20563
What are the prime factors of 1547?
7, 13, 17
What are the prime factors of 20032?
2, 313
List the prime factors of 2189.
11, 199
List the prime factors of 7600.
2, 5, 19
List the prime factors of 16372.
2, 4093
What are the prime factors of 6207?
3, 2069
List the prime factors of 12460.
2, 5, 7, 89
What are the prime factors of 1357?
23, 59
List the prime factors of 4029.
3, 17, 79
List the prime factors of 1139.
17, 67
List the prime factors of 88380.
2, 3, 5, 491
List the prime factors of 6695.
5, 13, 103
What are the prime factors of 8066?
2, 37, 109
What are the prime factors of 54716?
2, 13679
List the prime factors of 8222.
2, 4111
What are the prime factors of 3018?
2, 3, 503
What are the prime factors of 10767?
3, 37, 97
List the prime factors of 7523.
7523
What are the prime factors of 46135?
5, 9227
List the prime factors of 8946.
2, 3, 7, 71
List the prime factors of 10762.
2, 5381
What are the prime factors of 4095?
3, 5, 7, 13
List the prime factors of 6730.
2, 5, 673
What are the prime factors of 7790?
2, 5, 19, 41
List the prime factors of 254.
2, 127
List the prime factors of 43134.
2, 3, 7, 13, 79
List the prime factors of 4409.
4409
What are the prime factors of 113033?
17, 61, 109
What are the prime factors of 7004?
2, 17, 103
List the prime factors of 11735.
5, 2347
What are the prime factors of 88716?
2, 3, 7393
List the prime factors of 37619.
37619
What are the prime factors of 2556?
2, 3, 71
What are the prime factors of 1453?
1453
List the prime factors of 4584.
2, 3, 191
List the prime factors of 9579.
3, 31, 103
List the prime factors of 2343.
3, 11, 71
List the prime factors of 34255.
5, 13, 17, 31
What are the prime factors of 119914?
2, 59957
List the prime factors of 2848.
2, 89
What are the prime factors of 24861?
3, 8287
List the prime factors of 216.
2, 3
What are the prime factors of 26821?
26821
List the prime factors of 52442.
2, 13, 2017
List the prime factors of 10057.
89, 113
List the prime factors of 896.
2, 7
List the prime factors of 37016.
2, 7, 661
List the prime factors of 3975.
3, 5, 53
List the prime factors of 7490.
2, 5, 7, 107
List the prime factors of 33142.
2, 73, 227
List the prime factors of 78974.
2, 7, 5641
List the prime factors of 41226.
2, 3, 6871
List the prime factors of 18338.
2, 53, 173
What are the prime factors of 136431?
3, 31, 163
List the prime factors of 299.
13, 23
What are the prime factors of 140198?
2, 70099
List the prime factors of 738.
2, 3, 41
List the prime factors of 102290.
2, 5, 53, 193
List the prime factors of 139.
139
List the prime factors of 902.
2, 11, 41
What are the prime factors of 143?
11, 13
What are the prime factors of 1413?
3, 157
What are the prime factors of 27860?
2, 5, 7, 199
List the prime factors of 6485.
5, 1297
What are the prime factors of 2522?
2, 13, 97
What are the prime factors of 5681?
13, 19, 23
List the prime factors of 745.
5, 149
List the prime factors of 3026.
2, 17, 89
What are the prime factors of 14334?
2, 3, 2389
What are the prime factors of 278?
2, 139
What are the prime factors of 766?
2, 383
List the prime factors of 151715.
5, 19, 1597
List the prime factors of 706.
2, 353
List the prime factors of 2097.
3, 233
List the prime factors of 1166.
2, 11, 53
List the prime factors of 10356.
2, 3, 863
What are the prime factors of 652?
2, 163
What are the prime factors of 3280?
2, 5, 41
List the prime factors of 17848.
2, 23, 97
What are the prime factors of 9682?
2, 47, 103
What are the prime factors of 4470?
2, 3, 5, 149
What are the prime factors of 28697?
28697
List the prime factors of 31521.
3, 7, 19, 79
What are the prime factors of 1822?
2, 911
What are the prime factors of 2999?
2999
What are the prime factors of 1828?
2, 457
List the prime factors of 14710.
2, 5, 1471
What are the prime factors of 1695?
3, 5, 113
List the prime factors of 72608.
2, 2269
List the prime factors of 1348.
2, 337
What are the prime factors of 6057?
3, 673
List the prime factors of 110.
2, 5, 11
What are the prime factors of 7175?
5, 7, 41
What are the prime factors of 1581?
3, 17, 31
List the prime factors of 15991.
15991
List the prime factors of 35519.
11, 3229
List the prime factors of 4777.
17, 281
What are the prime factors of 18757?
18757
List the prime factors of 29599.
29599
What are the prime factors of 5224?
2, 653
What are the prime factors of 6237?
3, 7, 11
What are the prime factors of 8378?
2, 59, 71
What are the prime factors of 37041?
3, 12347
List the prime factors of 1990.
2, 5, 199
What are the prime factors of 668?
2, 167
List the prime factors of 877.
877
What are the prime factors of 7907?
7907
List the prime factors of 10097.
23, 439
List the prime factors of 14227.
41, 347
What are the prime factors of 29734?
2, 14867
List the prime factors of 996.
2, 3, 83
What are the prime factors of 1286?
2, 643
List the prime factors of 265.
5, 53
List the prime factors of 220.
2, 5, 11
What are the prime factors of 1651?
13, 127
What are the prime factors of 7968?
2, 3, 83
List the prime factors of 2195.
5, 439
List the prime factors of 121.
11
What are the prime factors of 103841?
103841
List the prime factors of 34388.
2, 8597
What are the prime factors of 13943?
73, 191
What are the prime factors of 45053?
45053
What are the prime factors of 12260?
2, 5, 613
What are the prime factors of 723